digit of b(p)?
9
Let k(w) = w**2 - 4*w - 1. Let v be k(5). Let s(o) = o - 5. Let q be s(v). What is the units digit of (-4)/(-1) + 3 + q?
6
Suppose 6*g + 2*z - 100 = 2*g, -g + 2*z + 20 = 0. What is the units digit of g?
4
Let k(s) = 2*s**2 - 15*s + 14. What is the tens digit of k(11)?
9
Suppose 0 = 4*x - 22 - 10. Let o(u) = u**2 - 6*u - 7. What is the units digit of o(x)?
9
Suppose -2*t - 992 = -10*t. What is the units digit of t?
4
Let c be (2 + (4 - -1))/(-1). Let s = 5 + c. What is the units digit of s/(-6) + (-56)/(-12)?
5
Let p = -17 + 15. Let h = 42 - p. What is the units digit of h?
4
Let m = -10 - -19. Let s(y) = y + 8. What is the tens digit of s(m)?
1
Suppose -3*g - 5*c + 108 + 3 = 0, 3*g = c + 111. What is the units digit of g?
7
Let x(b) be the second derivative of b**5/5 - b**4/6 + b**2/2 + 2*b. Let k(l) = -l**2 + 4*l - 2. Let p be k(3). What is the units digit of x(p)?
3
Suppose -2*k - 3*k = -5. Suppose k = -a + 8. What is the units digit of a?
7
Suppose -4 = -2*y, 3*z + 3*y - 356 + 92 = 0. Let m = z - 60. What is the units digit of m?
6
Let r = -84 - -120. What is the tens digit of r?
3
Let y = 6 - 3. Suppose -3*k + 6 = -y. Let n = k + -2. What is the units digit of n?
1
Let h(w) = -2*w - 4. Suppose -b = -0*d - d + 2, 0 = 3*b + 3*d + 18. Let s be h(b). Suppose -s*a - 20 = -9*a. What is the units digit of a?
4
Suppose 2 = 2*n + 10. Let r be (-5 + 0)/(n/4). Suppose c + r*g = -0*c - 11, -13 = -4*c - g. What is the units digit of c?
4
Let r(h) = -h**3 + 3*h**2 + 6*h - 6. Let j(o) = o**2 + 2*o - 4. Let p be j(-4). What is the units digit of r(p)?
2
Let a be (-2)/(-3 - (-39)/15). Let y = a + -2. What is the units digit of y?
3
Suppose -4*p + 2*n = -34, -2*n + n = -1. Suppose 3 = -2*u + p. Suppose -u*k = -3 - 3. What is the units digit of k?
2
Let n(h) = 6*h**2 + 12 + 1 - 14. Let a be ((-3)/9)/((-1)/3). What is the units digit of n(a)?
5
Let q = -1 + 3. Suppose -5*f = -0*f - 10. Suppose d = q*d - f. What is the units digit of d?
2
Let i be 2 + -5 + 0 - -3. Suppose -5*z + 14 + 16 = i. What is the units digit of z?
6
Suppose -3 + 33 = 5*g. What is the tens digit of 188/g*(-21)/(-14)?
4
Let q be 0*(-3)/(-6) - -7. Let y = 19 - q. What is the tens digit of y?
1
Let l = -2 - -3. What is the units digit of (24 + 2)*l/2?
3
Let g(c) = -2*c - 2. Let x(l) = -2*l - 1. Let j(r) = 4*g(r) - 3*x(r). Let o be j(-4). Suppose o + 5 = 4*u. What is the units digit of u?
2
Let r = 76 + -42. What is the tens digit of r?
3
Suppose -5*k - 228 = d, -2*k - 4*d - 130 = k. Let b = 81 + k. What is the tens digit of b?
3
Let x = 10 + -7. Suppose x*l - 8*l + 30 = 0. What is the units digit of l?
6
Let h be 5 + 1 + -3 + 3. Let s = 5 + h. What is the units digit of s?
1
Let l(k) = -k**2 - 2*k + 2. Let x be l(-3). Let f(r) = -r - 1. Let n(y) = y - 12. Let u(i) = x*n(i) - 2*f(i). What is the units digit of u(-6)?
8
Suppose 4*k - 2*f - 34 = k, 0 = 5*k + 5*f - 90. Let o = k + -7. Suppose 2*t + 15 = o*t. What is the units digit of t?
3
Let u(r) be the second derivative of r**3/6 - 4*r**2 + 2*r. What is the units digit of u(9)?
1
Let h = 5 - 5. Suppose -u + 16 = -h*m + 3*m, 40 = 3*u + 5*m. What is the units digit of u?
0
Let a(c) = -c**3 + 5*c**2 + 7*c - 7. Let p be a(6). Let u = 2 - p. What is the tens digit of (-31)/(-3) - u/9?
1
Suppose 4*s - 2*o = 102, 0 = 4*s - 3*s - 2*o - 30. What is the tens digit of s?
2
Let m be -6*(0 - -1)/1. Suppose -o + 2*l + 17 = 0, -2*o - 5*l = -0*l + 2. What is the units digit of (-12)/o*m/4?
2
Suppose 3*u + 4*a - 69 = 0, -2*u + 5*a + 96 = u. What is the tens digit of u?
2
Suppose 1 = -x + 41. What is the units digit of x?
0
What is the tens digit of (-8)/12*-6*29?
1
Suppose 7*v - 11*v = -140. What is the units digit of v?
5
Suppose -3*f + 4 - 11 = 5*w, -w = f - 1. Suppose -3*p - f = 5*c, 5*p + 4 = 3*p. Suppose 2*m - 3*d + 11 = c, 0 = -0*d + d - 5. What is the units digit of m?
2
Suppose 0 = 2*x - 3*x. Suppose w - 3*u = 5*w + 39, w - 5*u - 19 = x. Let f = w - -11. What is the units digit of f?
5
Let c = -27 - -51. Let t = -4 + -2. What is the units digit of (-2)/t - (-112)/c?
5
Let m(n) = 175*n**3 - 2*n**2 + n - 1. What is the hundreds digit of m(1)?
1
Suppose -5*y = -5*l - 3 - 77, -5*l = -15. Let z = -7 + y. What is the units digit of z?
2
Suppose 2*j + 4*g = 140, -3*g - g = -j + 64. What is the units digit of j?
8
What is the units digit of 6764/18 - 4/(-90)*5?
6
Let b(w) = -w**3 - 5*w**2 + 4*w - 7. Let u be b(-6). Suppose 0*p = 4*v - p, 3*p = u*v. What is the tens digit of (v + 40)*(-20)/(-50)?
1
Let q = 315 + -147. What is the hundreds digit of q?
1
Suppose -102 = 2*u + 4*y, 0 = 3*u - 0*y - 5*y + 109. Let c = 62 + u. What is the units digit of c?
9
Let b = 24 - 16. Let t = -6 + b. What is the units digit of t?
2
Suppose 124 = 5*g - 111. What is the tens digit of g?
4
Let n be 182/5 - 8/20. Suppose 2*t = 3*t - 4*b - n, -2*t + 12 = 4*b. Suppose 0 = -2*g - 2*r + t, 6 + 3 = -3*r. What is the units digit of g?
1
Suppose 51 = -o + 131. Suppose -4*m = -o + 32. What is the tens digit of m?
1
Let r(p) be the second derivative of p**4/12 + p**3/6 - p**2/2 + 3*p. Let b be r(1). What is the units digit of b*1*(-14)/(-2)?
7
Let g(c) = -2*c - 6. Let t be g(-4). Suppose 0 = w - t, -2*w - 22 = -2*q - w. Suppose -2*y - r + q = r, -5*r + 12 = 2*y. What is the units digit of y?
6
Let d = 45 + -13. What is the tens digit of d?
3
Suppose -5*p = 4*s - 15, -2*p + 5*s - 24 = -3*p. Let y = p - -13. Suppose q - 5*q = -y. What is the units digit of q?
3
Let c = 96 + 17. What is the tens digit of c?
1
Suppose 4*z = 12 + 40. What is the tens digit of z?
1
Suppose 2 = -m + 5. Suppose -6 = -3*z, 144 = 3*i - m*z + 6*z. What is the tens digit of i?
4
Suppose 0 = 3*i - 7*i + 8. Suppose -2 - 2 = i*y, 2*o = 2*y + 10. Suppose 5*j + o*l - 2*l = 33, 5*l - 15 = 0. What is the units digit of j?
6
Suppose 0 = -4*y + 5*y - 56. What is the tens digit of y?
5
Let n be (5/2 + -1)*2. Suppose -2*v = k - 12 - 3, 39 = n*k + 3*v. Suppose -2*l + k = 1. What is the units digit of l?
5
Let n(i) = i + 13. Suppose -v + 3*w + 0*w - 22 = 0, -4*v - 53 = -5*w. What is the units digit of n(v)?
6
Let n(p) = 7*p - 15. Let y(m) = -6*m + 15. Let z(x) = -3*n(x) - 4*y(x). What is the units digit of z(12)?
1
Let t = -4 + 3. Let q be t/(0 + -1) + -11. Let w = q - -20. What is the tens digit of w?
1
Suppose -b = 2 - 12. What is the tens digit of b?
1
Suppose 80 = 3*r + 11. What is the units digit of r?
3
Let s = 7 - 19. Let t = s + 22. What is the tens digit of t?
1
What is the hundreds digit of (-14340)/(-80)*8/6?
2
Suppose 19 = 3*c - 2. Let x = 17 - c. What is the tens digit of x?
1
Let p = 21 - -79. What is the units digit of p?
0
Suppose 4*c - 68 = -2*b, -77 = c - 4*c + 5*b. Suppose -3*g = -20 - c. What is the tens digit of g?
1
Let h = -7 + 10. Suppose -h*w = w - 20. Suppose -5*j - 19 = -w*l - 2*j, -17 = -5*l + 4*j. What is the units digit of l?
5
Let c = -84 - -121. What is the units digit of c?
7
What is the tens digit of (-1)/(-2) - (-1308)/24?
5
What is the tens digit of (17/(-2))/((-4)/8)?
1
Let h = -7 - -13. Let j = h - 7. What is the units digit of (-38)/(-10) - j/5?
4
Suppose -g - 3*g = -8. Suppose 4*j + 14 = -0*q + g*q, -3*q = 3*j - 57. What is the tens digit of q?
1
Suppose -5*q + 14 = -a, q - 2*a = -2*q + 14. Suppose 3 = -q*h - 7. Let r(y) = -4*y - 4. What is the units digit of r(h)?
6
Suppose -3*r - 8 = 2*l + 2*l, -3*r + l = 13. What is the units digit of r/6 - 40/(-24)?
1
Suppose -5*f - 62 = -467. What is the units digit of f?
1
Let k(m) = m**2 + 2*m + 1. Let w be k(5). What is the units digit of 24/w*(-3)/(-2)?
1
Suppose -4*k + 60 = k. Suppose k + 31 = v. What is the units digit of v?
3
Let v = -51 - -164. What is the units digit of v?
3
Suppose 6*m = 5*m - 4*w + 127, 3*m + w - 326 = 0. What is the hundreds digit of m?
1
Let k(q) = -q - 1. Let a = 3 + 2. Suppose a*p + 9 = 4*u, -8 = 2*p + 2. What is the units digit of k(u)?
3
Let a(j) = -j + 3. Let m be a(-5). Suppose 5*f + 182 = 2. What is the units digit of (-1)/2 - f/m?
4
Suppose 4*p = -0*p + 164. What is the units digit of p?
1
Let f = 113 + -69. What is the units digit of f?
4
Let o = 21 + -8. What is the tens digit of o?
1
Let z(h) = -h**3 - 10*h**2 + 3*h + 12*h**2 + 2 - 1. What is the units digit of z(-3)?
7
Let f(w) = 5*w + 1. 